rs of 22474?
2, 17, 661
List the prime factors of 2779.
7, 397
What are the prime factors of 25104?
2, 3, 523
What are the prime factors of 47062?
2, 23531
What are the prime factors of 198?
2, 3, 11
List the prime factors of 12197.
12197
What are the prime factors of 18531?
3, 29, 71
List the prime factors of 2324.
2, 7, 83
List the prime factors of 3132.
2, 3, 29
List the prime factors of 103494.
2, 3, 47, 367
List the prime factors of 84.
2, 3, 7
What are the prime factors of 118229?
191, 619
List the prime factors of 1555.
5, 311
What are the prime factors of 88359?
3, 29453
What are the prime factors of 1090?
2, 5, 109
List the prime factors of 6789.
3, 31, 73
What are the prime factors of 585?
3, 5, 13
What are the prime factors of 23060?
2, 5, 1153
What are the prime factors of 2666?
2, 31, 43
What are the prime factors of 13207?
47, 281
What are the prime factors of 1264?
2, 79
List the prime factors of 666.
2, 3, 37
What are the prime factors of 10196?
2, 2549
What are the prime factors of 1984?
2, 31
List the prime factors of 2707.
2707
What are the prime factors of 4348?
2, 1087
List the prime factors of 1331.
11
List the prime factors of 1056.
2, 3, 11
List the prime factors of 8491.
7, 1213
List the prime factors of 2107.
7, 43
What are the prime factors of 8847?
3, 983
What are the prime factors of 27049?
11, 2459
List the prime factors of 2806.
2, 23, 61
What are the prime factors of 2389?
2389
What are the prime factors of 4315?
5, 863
What are the prime factors of 1004?
2, 251
List the prime factors of 4480.
2, 5, 7
List the prime factors of 16837.
113, 149
List the prime factors of 44953.
44953
What are the prime factors of 575?
5, 23
List the prime factors of 85915.
5, 17183
List the prime factors of 731.
17, 43
List the prime factors of 336.
2, 3, 7
What are the prime factors of 717?
3, 239
What are the prime factors of 5918?
2, 11, 269
What are the prime factors of 226?
2, 113
What are the prime factors of 3079?
3079
List the prime factors of 15197.
7, 13, 167
What are the prime factors of 36292?
2, 43, 211
What are the prime factors of 2541?
3, 7, 11
What are the prime factors of 39311?
19, 2069
List the prime factors of 1682.
2, 29
List the prime factors of 64408.
2, 83, 97
What are the prime factors of 1121?
19, 59
What are the prime factors of 106619?
106619
What are the prime factors of 548?
2, 137
What are the prime factors of 8925?
3, 5, 7, 17
What are the prime factors of 41314?
2, 7, 13, 227
List the prime factors of 52722.
2, 3, 29, 101
List the prime factors of 1805.
5, 19
List the prime factors of 11791.
13, 907
List the prime factors of 158203.
281, 563
What are the prime factors of 26013?
3, 13, 23, 29
What are the prime factors of 11748?
2, 3, 11, 89
List the prime factors of 1313.
13, 101
List the prime factors of 10916.
2, 2729
List the prime factors of 1776.
2, 3, 37
What are the prime factors of 499?
499
What are the prime factors of 29120?
2, 5, 7, 13
What are the prime factors of 1168?
2, 73
What are the prime factors of 7677?
3, 853
List the prime factors of 980.
2, 5, 7
What are the prime factors of 1680?
2, 3, 5, 7
What are the prime factors of 25400?
2, 5, 127
List the prime factors of 1355.
5, 271
List the prime factors of 3314.
2, 1657
What are the prime factors of 395?
5, 79
List the prime factors of 14042.
2, 7, 17, 59
What are the prime factors of 2699?
2699
What are the prime factors of 415?
5, 83
What are the prime factors of 20195?
5, 7, 577
List the prime factors of 33713.
33713
What are the prime factors of 3251?
3251
List the prime factors of 3120.
2, 3, 5, 13
List the prime factors of 12694.
2, 11, 577
What are the prime factors of 51542?
2, 25771
What are the prime factors of 6226?
2, 11, 283
What are the prime factors of 7731?
3, 859
What are the prime factors of 164171?
7, 47, 499
List the prime factors of 1347.
3, 449
List the prime factors of 14.
2, 7
List the prime factors of 1217.
1217
What are the prime factors of 11263?
7, 1609
What are the prime factors of 12533?
83, 151
List the prime factors of 1841.
7, 263
What are the prime factors of 12551?
7, 11, 163
What are the prime factors of 47050?
2, 5, 941
List the prime factors of 5892.
2, 3, 491
What are the prime factors of 170?
2, 5, 17
List the prime factors of 6955.
5, 13, 107
List the prime factors of 1671.
3, 557
List the prime factors of 54634.
2, 59, 463
List the prime factors of 8275.
5, 331
What are the prime factors of 19740?
2, 3, 5, 7, 47
List the prime factors of 510.
2, 3, 5, 17
What are the prime factors of 19486?
2, 9743
What are the prime factors of 5729?
17, 337
List the prime factors of 1069.
1069
What are the prime factors of 1542?
2, 3, 257
List the prime factors of 2454.
2, 3, 409
List the prime factors of 1379.
7, 197
What are the prime factors of 1874?
2, 937
What are the prime factors of 4903?
4903
List the prime factors of 3690.
2, 3, 5, 41
List the prime factors of 687.
3, 229
What are the prime factors of 186?
2, 3, 31
List the prime factors of 74516.
2, 13, 1433
What are the prime factors of 430?
2, 5, 43
What are the prime factors of 62722?
2, 11, 2851
List the prime factors of 1307.
1307
What are the prime factors of 17917?
19, 23, 41
What are the prime factors of 40081?
149, 269
List the prime factors of 405.
3, 5
List the prime factors of 109166.
2, 54583
List the prime factors of 500.
2, 5
What are the prime factors of 245?
5, 7
List the prime factors of 204.
2, 3, 17
List the prime factors of 1513.
17, 89
What are the prime factors of 74555?
5, 13, 31, 37
What are the prime factors of 7887?
3, 11, 239
What are the prime factors of 1136?
2, 71
What are the prime factors of 2003?
2003
List the prime factors of 2437.
2437
What are the prime factors of 5646?
2, 3, 941
What are the prime factors of 66545?
5, 13309
List the prime factors of 5737.
5737
What are the prime factors of 5923?
5923
What are the prime factors of 17763?
3, 31, 191
List the prime factors of 4330.
2, 5, 433
What are the prime factors of 2179?
2179
What are the prime factors of 1054?
2, 17, 31
What are the prime factors of 32391?
3, 59, 61
List the prime factors of 152840.
2, 5, 3821
What are the prime factors of 15130?
2, 5, 17, 89
What are the prime factors of 2818?
2, 1409
List the prime factors of 10838.
2, 5419
List the prime factors of 63973.
7, 13, 19, 37
What are the prime factors of 3729?
3, 11, 113
What are the prime factors of 5779?
5779
What are the prime factors of 107325?
3, 5, 53
What are the prime factors of 3118?
2, 1559
List the prime factors of 2214.
2, 3, 41
What are the prime factors of 415?
5, 83
List the prime factors of 435.
3, 5, 29
What are the prime factors of 10729?
10729
List the prime factors of 1341.
3, 149
List the prime factors of 1341.
3, 149
What are the prime factors of 144305?
5, 7, 19, 31
List the prime factors of 38712.
2, 3, 1613
List the prime factors of 193.
193
What are the prime factors of 2489?
19, 131
What are the prime factors of 552?
2, 3, 23
List the prime factors of 6297.
3, 2099
What are the prime factors of 77?
7, 11
List the prime factors of 692.
2, 173
List the prime factors of 398.
2, 199
List the prime factors of 132370.
2, 5, 7, 31, 61
List the prime factors of 64291.
239, 269
What are the prime factors of 15375?
3, 5, 41
What are the prime factors of 519?
3, 173
List the prime factors of 989.
23, 43
List the prime factors of 1109.
1109
What are the prime factors of 47332?
2, 11833
What are the prime factors of 119212?
2, 29803
What are the prime factors of 141888?
2, 3, 739
What are the prime factors of 8590?
2, 5, 859
List the prime factors of 2411.
2411
What are the prime factors of 16119?
3, 199
List the prime factors of 3502.
2, 17, 103
List the prime factors of 34130.
2, 5, 3413
List the prime factors of 1132.
2, 283
What are the prime factors of 915?
3, 5, 61
List the prime factors of 37995.
3, 5, 17, 149
List the prime factors of 48829.
11, 23, 193
What are the prime factors of 1107?
3, 41
What are the prime factors of 6039?
3, 11, 61
What are the prime factors of 8032?
2, 251
List the prime factors of 16.
2
What are the prime factors of 3848?
2, 13, 37
List the prime factors of 1798.
2, 29, 31
What are the prime factors of 26294?
2, 13147
List the prime fact